0591
What are the prime factors of 8637492?
2, 3, 719791
List the prime factors of 669239.
17, 39367
List the prime factors of 1254028.
2, 313507
What are the prime factors of 926861?
13, 83, 859
List the prime factors of 28750813.
7, 13, 37, 8539
What are the prime factors of 148087?
17, 31, 281
What are the prime factors of 15252589?
11, 31, 44729
What are the prime factors of 10461253?
11, 951023
List the prime factors of 13522.
2, 6761
What are the prime factors of 5463019?
5463019
What are the prime factors of 8963219?
443, 20233
What are the prime factors of 2162805?
3, 5, 23, 6269
What are the prime factors of 359733?
3, 11, 991
List the prime factors of 26890.
2, 5, 2689
What are the prime factors of 10737403?
61, 176023
What are the prime factors of 2271039?
3, 521, 1453
What are the prime factors of 292902?
2, 3, 48817
List the prime factors of 1432128.
2, 3, 7459
What are the prime factors of 13011043?
1061, 12263
What are the prime factors of 837090?
2, 3, 5, 71, 131
What are the prime factors of 208811?
17, 71, 173
What are the prime factors of 19326610?
2, 5, 19, 101719
What are the prime factors of 4599558?
2, 3, 19, 4483
What are the prime factors of 44177?
7, 6311
What are the prime factors of 1819348?
2, 449, 1013
List the prime factors of 157587.
3, 52529
What are the prime factors of 521533?
521533
What are the prime factors of 1964635?
5, 392927
List the prime factors of 677418.
2, 3, 7, 127
What are the prime factors of 173117?
7, 3533
What are the prime factors of 173208?
2, 3, 7, 1031
What are the prime factors of 377557?
377557
List the prime factors of 1361975.
5, 157, 347
What are the prime factors of 12213272?
2, 1526659
What are the prime factors of 167997?
3, 29, 1931
What are the prime factors of 321704?
2, 40213
What are the prime factors of 97630?
2, 5, 13, 751
List the prime factors of 9742730.
2, 5, 974273
What are the prime factors of 267356?
2, 89, 751
List the prime factors of 172826.
2, 86413
List the prime factors of 2490146.
2, 229, 5437
What are the prime factors of 415012?
2, 13, 23, 347
List the prime factors of 8091876.
2, 3, 13, 51871
List the prime factors of 10913648.
2, 769, 887
What are the prime factors of 3660712?
2, 11, 17, 2447
List the prime factors of 4125362.
2, 2062681
What are the prime factors of 2786671?
557, 5003
What are the prime factors of 5011?
5011
List the prime factors of 8457516.
2, 3, 234931
List the prime factors of 918385.
5, 13, 71, 199
What are the prime factors of 1314463?
1314463
What are the prime factors of 6674285?
5, 17, 233, 337
List the prime factors of 22665455.
5, 4533091
What are the prime factors of 4936998?
2, 3, 11, 19, 31, 127
List the prime factors of 3058996.
2, 311, 2459
What are the prime factors of 868969?
71, 12239
What are the prime factors of 294965?
5, 11, 31, 173
List the prime factors of 3827932.
2, 353, 2711
What are the prime factors of 2314935?
3, 5, 7, 7349
List the prime factors of 662037.
3, 73, 3023
List the prime factors of 635521.
71, 8951
What are the prime factors of 71893?
17, 4229
What are the prime factors of 315149?
89, 3541
What are the prime factors of 366310?
2, 5, 7, 5233
List the prime factors of 1004323.
1004323
What are the prime factors of 220273?
167, 1319
What are the prime factors of 2572178?
2, 7, 269, 683
List the prime factors of 1836496.
2, 114781
List the prime factors of 36661.
61, 601
List the prime factors of 560126.
2, 7, 40009
List the prime factors of 1101451.
13, 193, 439
What are the prime factors of 248385?
3, 5, 29, 571
List the prime factors of 4994826.
2, 3, 53, 113, 139
What are the prime factors of 1305751?
31, 73, 577
List the prime factors of 6615209.
241, 27449
List the prime factors of 386297.
386297
What are the prime factors of 8549384?
2, 751, 1423
What are the prime factors of 468175?
5, 61, 307
List the prime factors of 23184459.
3, 37, 69623
List the prime factors of 2199018.
2, 3, 17, 21559
List the prime factors of 225467.
11, 103, 199
What are the prime factors of 346331?
346331
List the prime factors of 3820901.
7, 545843
List the prime factors of 347041.
347041
List the prime factors of 4564494.
2, 3, 11, 23053
List the prime factors of 20957097.
3, 7, 89, 11213
What are the prime factors of 23116?
2, 5779
List the prime factors of 291539.
291539
List the prime factors of 4931286.
2, 3, 37, 97, 229
List the prime factors of 10758354.
2, 3, 1793059
List the prime factors of 12650474.
2, 6325237
List the prime factors of 3579854.
2, 1789927
List the prime factors of 181602.
2, 3, 19, 59
List the prime factors of 785894.
2, 97, 4051
List the prime factors of 2385629.
23, 103723
List the prime factors of 702788.
2, 23, 7639
What are the prime factors of 304350?
2, 3, 5, 2029
What are the prime factors of 149991?
3, 17, 173
List the prime factors of 184840.
2, 5, 4621
List the prime factors of 67652.
2, 13, 1301
List the prime factors of 22828614.
2, 3, 19, 43, 4657
What are the prime factors of 7997678?
2, 13, 29, 10607
What are the prime factors of 3701740?
2, 5, 7, 137, 193
What are the prime factors of 208395?
3, 5, 11, 421
List the prime factors of 5145920.
2, 5, 13, 1237
List the prime factors of 3523876.
2, 23, 38303
List the prime factors of 4750473.
3, 7, 13, 17401
List the prime factors of 5604550.
2, 5, 7, 67, 239
What are the prime factors of 141573?
3, 41, 1151
List the prime factors of 2575962.
2, 3, 15901
What are the prime factors of 5137495?
5, 11, 29, 3221
List the prime factors of 2487853.
59, 149, 283
List the prime factors of 1847112.
2, 3, 76963
List the prime factors of 3041545.
5, 13, 73, 641
What are the prime factors of 313782?
2, 3, 7, 31, 241
What are the prime factors of 4885755?
3, 5, 7, 19, 31, 79
List the prime factors of 203009.
89, 2281
What are the prime factors of 13141?
17, 773
List the prime factors of 728496.
2, 3, 5059
List the prime factors of 2801782.
2, 1400891
What are the prime factors of 4535419?
7, 647917
What are the prime factors of 253437?
3, 23, 3673
List the prime factors of 13428706.
2, 19, 37, 9551
List the prime factors of 3144809.
241, 13049
What are the prime factors of 29471228?
2, 7367807
List the prime factors of 6760262.
2, 89, 163, 233
List the prime factors of 6674372.
2, 1668593
What are the prime factors of 17544367?
1871, 9377
List the prime factors of 416550.
2, 3, 5, 2777
List the prime factors of 207192.
2, 3, 89, 97
What are the prime factors of 11396335?
5, 101, 22567
What are the prime factors of 226044?
2, 3, 7, 13, 23
List the prime factors of 2452369.
17, 181, 797
What are the prime factors of 341037?
3, 17, 743
List the prime factors of 863793.
3, 7, 13711
What are the prime factors of 742955?
5, 139, 1069
List the prime factors of 685766.
2, 41, 8363
What are the prime factors of 1429530?
2, 3, 5, 17, 2803
List the prime factors of 465436.
2, 116359
What are the prime factors of 1629340?
2, 5, 41, 1987
List the prime factors of 5619721.
71, 79151
What are the prime factors of 633835?
5, 109, 1163
List the prime factors of 4264284.
2, 3, 19, 59, 317
List the prime factors of 104235.
3, 5, 6949
What are the prime factors of 2628266?
2, 1314133
List the prime factors of 41080.
2, 5, 13, 79
List the prime factors of 486100.
2, 5, 4861
List the prime factors of 1654315.
5, 13, 31, 821
What are the prime factors of 78069?
3, 53, 491
What are the prime factors of 32685698?
2, 16342849
List the prime factors of 2952328.
2, 41, 9001
List the prime factors of 930315.
3, 5, 109, 569
What are the prime factors of 483036?
2, 3, 40253
What are the prime factors of 932284?
2, 233071
List the prime factors of 1261755.
3, 5, 11, 2549
List the prime factors of 4822536.
2, 3, 43, 4673
List the prime factors of 15394440.
2, 3, 5, 128287
List the prime factors of 3324796.
2, 53, 15683
What are the prime factors of 24487?
47, 521
List the prime factors of 192672.
2, 3, 223
What are the prime factors of 1957031?
1957031
List the prime factors of 892639.
11, 19, 4271
List the prime factors of 63010.
2, 5, 6301
List the prime factors of 2098669.
31, 67699
What are the prime factors of 63107?
11, 5737
What are the prime factors of 180301?
11, 37, 443
What are the prime factors of 7841834?
2, 7, 11, 13, 3917
What are the prime factors o